{"id":360,"date":"2019-12-17T11:38:29","date_gmt":"2019-12-17T10:38:29","guid":{"rendered":"https:\/\/iddest-formation.eu\/?page_id=360"},"modified":"2020-02-26T16:43:56","modified_gmt":"2020-02-26T15:43:56","slug":"nos-formats-dintervention","status":"publish","type":"page","link":"https:\/\/iddest-formation.eu\/index.php\/nos-formats-dintervention\/","title":{"rendered":"Nos formats d&rsquo;intervention"},"content":{"rendered":"<section class=\"wpb-content-wrapper\"><p>[vc_row][vc_column]<div id=\"ultimate-heading-816169e1a20bef13e\" class=\"uvc-heading ult-adjust-bottom-margin ultimate-heading-816169e1a20bef13e uvc-4973  uvc-heading-default-font-sizes\" data-hspacer=\"line_only\"  data-halign=\"center\" style=\"text-align:center\"><div class=\"uvc-main-heading ult-responsive\"  data-ultimate-target='.uvc-heading.ultimate-heading-816169e1a20bef13e h2'  data-responsive-json-new='{\"font-size\":\"\",\"line-height\":\"\"}' ><h2 style=\"--font-weight:theme;margin-bottom:10px;\">Formats d'intervention<\/h2><\/div><div class=\"uvc-heading-spacer line_only\" style=\"topheight:1px;\"><span class=\"uvc-headings-line\" style=\"border-style:solid;border-bottom-width:1px;border-color:#1e98d7;width:50px;\"><\/span><\/div><\/div>[vc_empty_space height=\u00a0\u00bb50&Prime;][\/vc_column][\/vc_row][vc_row][vc_column width=\u00a0\u00bb1\/3&Prime;][vc_hoverbox image=\u00a0\u00bb1114&Prime; primary_title=\u00a0\u00bb\u00a0\u00bb hover_title=\u00a0\u00bb\u00a0\u00bb shape=\u00a0\u00bbsquare\u00a0\u00bb]<\/p>\n<p style=\"text-align: center;\">D\u00e9veloppement personnel, connaissance de soi, vision, valeurs, d\u00e9veloppement \u00a0\u00a0\u00a0d\u2019\u00e9quipe, assertivit\u00e9, efficacit\u00e9 personnelle, gestion de situation de changement, gestion de conflits.<\/p>\n<p>[\/vc_hoverbox][vc_empty_space][vc_hoverbox image=\u00a0\u00bb1117&Prime; primary_title=\u00a0\u00bb\u00a0\u00bb hover_title=\u00a0\u00bb\u00a0\u00bb shape=\u00a0\u00bbsquare\u00a0\u00bb]<\/p>\n<p style=\"text-align: center;\">Entrainement et exp\u00e9rimentations dans les contextes propres aux \u00e9quipes de votre entreprise (jeux d\u2019entreprise, de r\u00f4le, analogiques, d\u2019amplification, quizz, QCM, processus d\u2019inclusion\/d\u00e9clusion, bin\u00f4mes, etc.)<\/p>\n<p>[\/vc_hoverbox][\/vc_column][vc_column width=\u00a0\u00bb1\/3&Prime;][vc_hoverbox image=\u00a0\u00bb1115&Prime; primary_title=\u00a0\u00bb\u00a0\u00bb hover_title=\u00a0\u00bb\u00a0\u00bb shape=\u00a0\u00bbsquare\u00a0\u00bb]<\/p>\n<p style=\"text-align: center;\">M\u00e9thode p\u00e9dagogique qui permet de d\u00e9velopper des habitudes r\u00e9flexives au sein de vos \u00e9quipes et de vos collaborateurs pour penser \u00ab\u00a0ce qu\u2019ils font\u00a0\u00bb, prendre de la distance et se transformer dans le but d\u2019am\u00e9liorer sa pratique.<\/p>\n<p>[\/vc_hoverbox][vc_empty_space][vc_hoverbox image=\u00a0\u00bb1118&Prime; primary_title=\u00a0\u00bb\u00a0\u00bb hover_title=\u00a0\u00bb\u00a0\u00bb shape=\u00a0\u00bbsquare\u00a0\u00bb]<\/p>\n<p style=\"text-align: center;\">Accompagnement visant \u00e0 d\u00e9velopper les potentiels, \u00e0 favoriser l&rsquo;\u00e9mergence puis la mise en place de strat\u00e9gies de r\u00e9ussite dans les domaines personnels comme professionnels. Centr\u00e9 sur les comportements, il favorise l\u2019autonomie de pens\u00e9e et d\u2019action de ses b\u00e9n\u00e9ficiaires.<\/p>\n<p>[\/vc_hoverbox][\/vc_column][vc_column width=\u00a0\u00bb1\/3&Prime;][vc_hoverbox image=\u00a0\u00bb1116&Prime; primary_title=\u00a0\u00bb\u00a0\u00bb hover_title=\u00a0\u00bb\u00a0\u00bb shape=\u00a0\u00bbsquare\u00a0\u00bb hover_btn_title=\u00a0\u00bbProjet sur-mesure\u00a0\u00bb hover_btn_color=\u00a0\u00bbwhite\u00a0\u00bb hover_add_button=\u00a0\u00bbtrue\u00a0\u00bb hover_btn_link=\u00a0\u00bburl:https%3A%2F%2Fiddest-formation.eu%2Findex.php%2Fle-projet-sur-mesure%2F|||\u00a0\u00bb]<\/p>\n<p style=\"text-align: center;\">Vous avez besoin d\u2019un module sp\u00e9cifique ou compl\u00e9mentaire, nous concevons des formations sur-mesure pour \u00eatre au plus pr\u00e8s des attentes de nos clients. Notre priorit\u00e9 est de r\u00e9pondre \u00e0 votre besoin. Cliquer ici pour plus d\u2019information .<\/p>\n<p>[\/vc_hoverbox][vc_empty_space][vc_hoverbox image=\u00a0\u00bb1119&Prime; primary_title=\u00a0\u00bb\u00a0\u00bb hover_title=\u00a0\u00bb\u00a0\u00bb shape=\u00a0\u00bbsquare\u00a0\u00bb]<\/p>\n<p style=\"text-align: center;\">Selon vos besoins :pour un public interne, des clients ou prospects\u2026<\/p>\n<p>[\/vc_hoverbox][vc_empty_space height=\u00a0\u00bb50&Prime;][\/vc_column][\/vc_row][vc_row full_width=\u00a0\u00bbstretch_row_content_no_spaces\u00a0\u00bb bg_type=\u00a0\u00bbbg_color\u00a0\u00bb bg_color_value=\u00a0\u00bb#1e98d7&Prime;][vc_column]<div class=\" ubtn-ctn-center \"><a class=\"ubtn-link ult-adjust-bottom-margin ubtn-center ubtn-normal \" href=\"https:\/\/iddest-formation.eu\/index.php\/contact\/\" ><button type=\"button\" id=\"ubtn-4581\"  class=\"ubtn ult-adjust-bottom-margin ult-responsive ubtn-normal ubtn-no-hover-bg  none  ubtn-center   tooltip-69e1a20bef161\"  data-hover=\"#1e98d7\" data-border-color=\"#ffffff\" data-bg=\"#1e98d7\" data-hover-bg=\"#ffffff\" data-border-hover=\"\" data-shadow-hover=\"\" data-shadow-click=\"none\" data-shadow=\"\" data-shd-shadow=\"\"  data-ultimate-target='#ubtn-4581'  data-responsive-json-new='{\"font-size\":\"\",\"line-height\":\"\"}'  style=\"font-weight:normal;border-radius:3px;border-width:1px;border-color:#ffffff;border-style:solid;background: #1e98d7;color: #ffffff;\"><span class=\"ubtn-hover\" style=\"background-color:#ffffff\"><\/span><span class=\"ubtn-data ubtn-text \" >Nous contacter<\/span><\/button><\/a><\/div>[\/vc_column][\/vc_row]<\/p>\n<\/section>","protected":false},"excerpt":{"rendered":"<p>[vc_row][vc_column][vc_empty_space height=\u00a0\u00bb50&Prime;][\/vc_column][\/vc_row][vc_row][vc_column width=\u00a0\u00bb1\/3&Prime;][vc_hoverbox image=\u00a0\u00bb1114&Prime; primary_title=\u00a0\u00bb\u00a0\u00bb hover_title=\u00a0\u00bb\u00a0\u00bb shape=\u00a0\u00bbsquare\u00a0\u00bb] D\u00e9veloppement personnel, connaissance de soi, vision, valeurs, d\u00e9veloppement \u00a0\u00a0\u00a0d\u2019\u00e9quipe, assertivit\u00e9, efficacit\u00e9 personnelle, gestion de situation de changement, gestion de conflits. [\/vc_hoverbox][vc_empty_space][vc_hoverbox image=\u00a0\u00bb1117&Prime; primary_title=\u00a0\u00bb\u00a0\u00bb hover_title=\u00a0\u00bb\u00a0\u00bb shape=\u00a0\u00bbsquare\u00a0\u00bb] Entrainement et exp\u00e9rimentations dans les contextes propres aux \u00e9quipes de votre entreprise (jeux d\u2019entreprise, de r\u00f4le, analogiques, d\u2019amplification, quizz, QCM, processus d\u2019inclusion\/d\u00e9clusion, bin\u00f4mes,&hellip;<\/p>\n","protected":false},"author":1,"featured_media":0,"parent":0,"menu_order":0,"comment_status":"closed","ping_status":"closed","template":"","meta":{"footnotes":""},"yoast_head":"<!-- This site is optimized with the Yoast SEO plugin v22.8 - https:\/\/yoast.com\/wordpress\/plugins\/seo\/ -->\n<title>Nos formats d&#039;intervention - Iddest formation<\/title>\n<meta name=\"description\" content=\"Depuis 50 ans, iddest \u00e9labore et anime des formations sur mesure !Iddest formation est compos\u00e9 d\u2019une \u00e9quipe sp\u00e9cialis\u00e9e dans l&#039;accompagnement de la performance strat\u00e9gique et op\u00e9rationnelle des organisations publiques et priv\u00e9es \u00e0 l&#039;\u00e9chelle nationale dans les domaines suivants : management, communication, organisation, qualit\u00e9 de vie au travail et RPS, relations sociales\u2026 Nous proposons des modules et des parcours adapt\u00e9s aux besoins de vos \u00e9quipes.\" \/>\n<meta name=\"robots\" content=\"index, follow, max-snippet:-1, max-image-preview:large, max-video-preview:-1\" \/>\n<link rel=\"canonical\" href=\"https:\/\/iddest-formation.eu\/index.php\/nos-formats-dintervention\/\" \/>\n<meta property=\"og:locale\" content=\"fr_FR\" \/>\n<meta property=\"og:type\" content=\"article\" \/>\n<meta property=\"og:title\" content=\"Nos formats d&#039;intervention - Iddest formation\" \/>\n<meta property=\"og:description\" content=\"Depuis 50 ans, iddest \u00e9labore et anime des formations sur mesure !Iddest formation est compos\u00e9 d\u2019une \u00e9quipe sp\u00e9cialis\u00e9e dans l&#039;accompagnement de la performance strat\u00e9gique et op\u00e9rationnelle des organisations publiques et priv\u00e9es \u00e0 l&#039;\u00e9chelle nationale dans les domaines suivants : management, communication, organisation, qualit\u00e9 de vie au travail et RPS, relations sociales\u2026 Nous proposons des modules et des parcours adapt\u00e9s aux besoins de vos \u00e9quipes.\" \/>\n<meta property=\"og:url\" content=\"https:\/\/iddest-formation.eu\/index.php\/nos-formats-dintervention\/\" \/>\n<meta property=\"og:site_name\" content=\"Iddest formation\" \/>\n<meta property=\"article:modified_time\" content=\"2020-02-26T15:43:56+00:00\" \/>\n<meta name=\"twitter:card\" content=\"summary_large_image\" \/>\n<meta name=\"twitter:label1\" content=\"Dur\u00e9e de lecture estim\u00e9e\" \/>\n\t<meta name=\"twitter:data1\" content=\"2 minutes\" \/>\n<script type=\"application\/ld+json\" class=\"yoast-schema-graph\">{\"@context\":\"https:\/\/schema.org\",\"@graph\":[{\"@type\":\"WebPage\",\"@id\":\"https:\/\/iddest-formation.eu\/index.php\/nos-formats-dintervention\/\",\"url\":\"https:\/\/iddest-formation.eu\/index.php\/nos-formats-dintervention\/\",\"name\":\"Nos formats d'intervention - Iddest formation\",\"isPartOf\":{\"@id\":\"https:\/\/iddest-formation.eu\/#website\"},\"datePublished\":\"2019-12-17T10:38:29+00:00\",\"dateModified\":\"2020-02-26T15:43:56+00:00\",\"description\":\"Depuis 50 ans, iddest \u00e9labore et anime des formations sur mesure !Iddest formation est compos\u00e9 d\u2019une \u00e9quipe sp\u00e9cialis\u00e9e dans l'accompagnement de la performance strat\u00e9gique et op\u00e9rationnelle des organisations publiques et priv\u00e9es \u00e0 l'\u00e9chelle nationale dans les domaines suivants : management, communication, organisation, qualit\u00e9 de vie au travail et RPS, relations sociales\u2026 Nous proposons des modules et des parcours adapt\u00e9s aux besoins de vos \u00e9quipes.\",\"breadcrumb\":{\"@id\":\"https:\/\/iddest-formation.eu\/index.php\/nos-formats-dintervention\/#breadcrumb\"},\"inLanguage\":\"fr-FR\",\"potentialAction\":[{\"@type\":\"ReadAction\",\"target\":[\"https:\/\/iddest-formation.eu\/index.php\/nos-formats-dintervention\/\"]}]},{\"@type\":\"BreadcrumbList\",\"@id\":\"https:\/\/iddest-formation.eu\/index.php\/nos-formats-dintervention\/#breadcrumb\",\"itemListElement\":[{\"@type\":\"ListItem\",\"position\":1,\"name\":\"Accueil\",\"item\":\"https:\/\/iddest-formation.eu\/\"},{\"@type\":\"ListItem\",\"position\":2,\"name\":\"Nos formats d&rsquo;intervention\"}]},{\"@type\":\"WebSite\",\"@id\":\"https:\/\/iddest-formation.eu\/#website\",\"url\":\"https:\/\/iddest-formation.eu\/\",\"name\":\"Iddest formation\",\"description\":\"Depuis 50 ans, iddest \u00e9labore et anime des formations sur mesure !\",\"potentialAction\":[{\"@type\":\"SearchAction\",\"target\":{\"@type\":\"EntryPoint\",\"urlTemplate\":\"https:\/\/iddest-formation.eu\/?s={search_term_string}\"},\"query-input\":\"required name=search_term_string\"}],\"inLanguage\":\"fr-FR\"}]}<\/script>\n<!-- \/ Yoast SEO plugin. -->","yoast_head_json":{"title":"Nos formats d'intervention - Iddest formation","description":"Depuis 50 ans, iddest \u00e9labore et anime des formations sur mesure !Iddest formation est compos\u00e9 d\u2019une \u00e9quipe sp\u00e9cialis\u00e9e dans l'accompagnement de la performance strat\u00e9gique et op\u00e9rationnelle des organisations publiques et priv\u00e9es \u00e0 l'\u00e9chelle nationale dans les domaines suivants : management, communication, organisation, qualit\u00e9 de vie au travail et RPS, relations sociales\u2026 Nous proposons des modules et des parcours adapt\u00e9s aux besoins de vos \u00e9quipes.","robots":{"index":"index","follow":"follow","max-snippet":"max-snippet:-1","max-image-preview":"max-image-preview:large","max-video-preview":"max-video-preview:-1"},"canonical":"https:\/\/iddest-formation.eu\/index.php\/nos-formats-dintervention\/","og_locale":"fr_FR","og_type":"article","og_title":"Nos formats d'intervention - Iddest formation","og_description":"Depuis 50 ans, iddest \u00e9labore et anime des formations sur mesure !Iddest formation est compos\u00e9 d\u2019une \u00e9quipe sp\u00e9cialis\u00e9e dans l'accompagnement de la performance strat\u00e9gique et op\u00e9rationnelle des organisations publiques et priv\u00e9es \u00e0 l'\u00e9chelle nationale dans les domaines suivants : management, communication, organisation, qualit\u00e9 de vie au travail et RPS, relations sociales\u2026 Nous proposons des modules et des parcours adapt\u00e9s aux besoins de vos \u00e9quipes.","og_url":"https:\/\/iddest-formation.eu\/index.php\/nos-formats-dintervention\/","og_site_name":"Iddest formation","article_modified_time":"2020-02-26T15:43:56+00:00","twitter_card":"summary_large_image","twitter_misc":{"Dur\u00e9e de lecture estim\u00e9e":"2 minutes"},"schema":{"@context":"https:\/\/schema.org","@graph":[{"@type":"WebPage","@id":"https:\/\/iddest-formation.eu\/index.php\/nos-formats-dintervention\/","url":"https:\/\/iddest-formation.eu\/index.php\/nos-formats-dintervention\/","name":"Nos formats d'intervention - Iddest formation","isPartOf":{"@id":"https:\/\/iddest-formation.eu\/#website"},"datePublished":"2019-12-17T10:38:29+00:00","dateModified":"2020-02-26T15:43:56+00:00","description":"Depuis 50 ans, iddest \u00e9labore et anime des formations sur mesure !Iddest formation est compos\u00e9 d\u2019une \u00e9quipe sp\u00e9cialis\u00e9e dans l'accompagnement de la performance strat\u00e9gique et op\u00e9rationnelle des organisations publiques et priv\u00e9es \u00e0 l'\u00e9chelle nationale dans les domaines suivants : management, communication, organisation, qualit\u00e9 de vie au travail et RPS, relations sociales\u2026 Nous proposons des modules et des parcours adapt\u00e9s aux besoins de vos \u00e9quipes.","breadcrumb":{"@id":"https:\/\/iddest-formation.eu\/index.php\/nos-formats-dintervention\/#breadcrumb"},"inLanguage":"fr-FR","potentialAction":[{"@type":"ReadAction","target":["https:\/\/iddest-formation.eu\/index.php\/nos-formats-dintervention\/"]}]},{"@type":"BreadcrumbList","@id":"https:\/\/iddest-formation.eu\/index.php\/nos-formats-dintervention\/#breadcrumb","itemListElement":[{"@type":"ListItem","position":1,"name":"Accueil","item":"https:\/\/iddest-formation.eu\/"},{"@type":"ListItem","position":2,"name":"Nos formats d&rsquo;intervention"}]},{"@type":"WebSite","@id":"https:\/\/iddest-formation.eu\/#website","url":"https:\/\/iddest-formation.eu\/","name":"Iddest formation","description":"Depuis 50 ans, iddest \u00e9labore et anime des formations sur mesure !","potentialAction":[{"@type":"SearchAction","target":{"@type":"EntryPoint","urlTemplate":"https:\/\/iddest-formation.eu\/?s={search_term_string}"},"query-input":"required name=search_term_string"}],"inLanguage":"fr-FR"}]}},"_links":{"self":[{"href":"https:\/\/iddest-formation.eu\/index.php\/wp-json\/wp\/v2\/pages\/360"}],"collection":[{"href":"https:\/\/iddest-formation.eu\/index.php\/wp-json\/wp\/v2\/pages"}],"about":[{"href":"https:\/\/iddest-formation.eu\/index.php\/wp-json\/wp\/v2\/types\/page"}],"author":[{"embeddable":true,"href":"https:\/\/iddest-formation.eu\/index.php\/wp-json\/wp\/v2\/users\/1"}],"replies":[{"embeddable":true,"href":"https:\/\/iddest-formation.eu\/index.php\/wp-json\/wp\/v2\/comments?post=360"}],"version-history":[{"count":5,"href":"https:\/\/iddest-formation.eu\/index.php\/wp-json\/wp\/v2\/pages\/360\/revisions"}],"predecessor-version":[{"id":1217,"href":"https:\/\/iddest-formation.eu\/index.php\/wp-json\/wp\/v2\/pages\/360\/revisions\/1217"}],"wp:attachment":[{"href":"https:\/\/iddest-formation.eu\/index.php\/wp-json\/wp\/v2\/media?parent=360"}],"curies":[{"name":"wp","href":"https:\/\/api.w.org\/{rel}","templated":true}]}}